{"id":3521,"date":"2019-08-05T11:54:57","date_gmt":"2019-08-05T09:54:59","guid":{"rendered":"https:\/\/artside.sk\/?post_type=product&#038;p=3521"},"modified":"2019-12-28T17:13:55","modified_gmt":"2019-12-28T16:13:55","slug":"panske-triko-native-wolf-dvou-barevne","status":"publish","type":"product","link":"https:\/\/test.artside.sk\/cs\/produkt\/panske-triko-native-wolf-dvou-barevne\/","title":{"rendered":"P\u00e1nsk\u00e9 triko &#8222;NATIVE WOLF&#8220; dvou-barevn\u00e9"},"content":{"rendered":"<p>Kvalitn\u00ed zna\u010dkov\u00e9 tri\u010dko s potiskem.<\/p>\n<ul>\n<li>165g<\/li>\n<li>100% bavlna<\/li>\n<li>st\u0159edn\u00ed v\u00e1ha<\/li>\n<li>vhodn\u00e9 na no\u0161en\u00edm po cel\u00fd rok<\/li>\n<li>Pran\u00edm v pra\u010dku &#8211; studen\u00e1 (max. 30 \u00b0)<\/li>\n<li>kr\u00e1tk\u00fd ruk\u00e1v<\/li>\n<li>dvoubarevn\u00fd<\/li>\n<li>tri\u010dko je u\u017e\u0161\u00edho st\u0159ihu, doporu\u010dujeme podle tabulky zvolit o \u010d\u00edslo v\u011bt\u0161\u00ed<\/li>\n<li>model m\u00e1 v\u00fd\u0161ku 178 cm a oble\u010denou velikost L<\/li>\n<\/ul>\n<table width=\"107\">\n<tbody>\n<tr>\n<td width=\"205\">\n<h1><strong>Velikosti<\/strong><\/h1>\n<h1><strong>(cm)<\/strong><strong>:<\/strong><\/h1>\n<\/td>\n<td width=\"205\"><img loading=\"lazy\" class=\"alignnone wp-image-649\" src=\"https:\/\/artside.cz\/wp-content\/uploads\/\/2018\/01\/sirka_tricka.jpg\" sizes=\"(max-width: 220px) 100vw, 220px\" srcset=\"https:\/\/artside.cz\/wp-content\/uploads\/\/2018\/01\/sirka_tricka.jpg 299w, https:\/\/artside.sk\/wp-content\/uploads\/2018\/01\/sirka_tricka-100x100.jpg 100w\" alt=\"\" width=\"220\" height=\"217\" \/><\/td>\n<td width=\"205\"><img loading=\"lazy\" class=\"alignnone wp-image-650\" src=\"https:\/\/artside.cz\/wp-content\/uploads\/\/2018\/01\/vyska_tricka.jpg\" alt=\"\" width=\"220\" height=\"208\" \/><\/td>\n<\/tr>\n<tr>\n<td width=\"205\"><strong>S<\/strong><\/p>\n<hr \/>\n<\/td>\n<td width=\"205\"><strong>45,5<\/strong><\/p>\n<hr \/>\n<\/td>\n<td width=\"205\"><strong>68.5<\/strong><\/p>\n<hr \/>\n<\/td>\n<\/tr>\n<tr>\n<td width=\"205\"><strong>M<\/strong><\/p>\n<hr \/>\n<\/td>\n<td width=\"205\"><strong>48.5<\/strong><\/p>\n<hr \/>\n<\/td>\n<td width=\"205\"><strong>71<\/strong><\/p>\n<hr \/>\n<\/td>\n<\/tr>\n<tr>\n<td width=\"205\"><strong>L<\/strong><\/p>\n<hr \/>\n<\/td>\n<td width=\"205\"><strong>53.5<\/strong><\/p>\n<hr \/>\n<\/td>\n<td width=\"205\"><strong>73.5<\/strong><\/p>\n<hr \/>\n<\/td>\n<\/tr>\n<tr>\n<td width=\"205\"><strong>XL<\/strong><\/p>\n<hr \/>\n<\/td>\n<td width=\"205\"><strong>58.5<\/strong><\/p>\n<hr \/>\n<\/td>\n<td width=\"205\"><strong>76<\/strong><\/p>\n<hr \/>\n<\/td>\n<\/tr>\n<tr>\n<td width=\"205\"><strong>XXL<\/strong><\/td>\n<td width=\"205\"><strong>63.5<\/strong><\/td>\n<td width=\"205\"><strong>77.5<\/strong><\/td>\n<\/tr>\n<\/tbody>\n<\/table>\n","protected":false},"excerpt":{"rendered":"<p>P\u0159\u00edrodn\u00ed motiv \u201eNATIVE WOLF\u201c (p\u016fvodn\u00ed vlk) z kolekce NATIVE. Design upozor\u0148uje na zne\u010di\u0161t\u011bn\u00ed prost\u0159ed\u00ed.<\/p>\n<p>Autorem designu je zn\u00e1m\u00fd grafik &#8222;Corvus Attic&#8220;.<\/p>\n<p>Dod\u00e1n\u00ed do <strong>3-7<\/strong> pracovn\u00edch dn\u016f. Jednoduch\u00e1 v\u00fdm\u011bna zbo\u017e\u00ed zdarma p\u0159es Z\u00e1silkovnu (Podruh\u00e9 po\u0161tovn\u00e9 neplat\u00ed\u0161).<\/p>\n","protected":false},"featured_media":3524,"comment_status":"open","ping_status":"closed","template":"","meta":[],"product_cat":[80,84],"product_tag":[],"jetpack_publicize_connections":[],"_links":{"self":[{"href":"https:\/\/test.artside.sk\/cs\/wp-json\/wp\/v2\/product\/3521"}],"collection":[{"href":"https:\/\/test.artside.sk\/cs\/wp-json\/wp\/v2\/product"}],"about":[{"href":"https:\/\/test.artside.sk\/cs\/wp-json\/wp\/v2\/types\/product"}],"replies":[{"embeddable":true,"href":"https:\/\/test.artside.sk\/cs\/wp-json\/wp\/v2\/comments?post=3521"}],"wp:featuredmedia":[{"embeddable":true,"href":"https:\/\/test.artside.sk\/cs\/wp-json\/wp\/v2\/media\/3524"}],"wp:attachment":[{"href":"https:\/\/test.artside.sk\/cs\/wp-json\/wp\/v2\/media?parent=3521"}],"wp:term":[{"taxonomy":"product_cat","embeddable":true,"href":"https:\/\/test.artside.sk\/cs\/wp-json\/wp\/v2\/product_cat?post=3521"},{"taxonomy":"product_tag","embeddable":true,"href":"https:\/\/test.artside.sk\/cs\/wp-json\/wp\/v2\/product_tag?post=3521"}],"curies":[{"name":"wp","href":"https:\/\/api.w.org\/{rel}","templated":true}]}}

Pánské triko &#8222;NATIVE WOLF&#8220; dvou-barevné

<p>Kvalitní značkové tričko s potiskem.</p>
<ul>
<li>165g</li>
<li>100% bavlna</li>
<li>střední váha</li>
<li>vhodné na nošením po celý rok</li>
<li>Praním v pračku &#8211; studená (max. 30 °)</li>
<li>krátký rukáv</li>
<li>dvoubarevný</li>
<li>tričko je užšího střihu, doporučujeme podle tabulky zvolit o číslo větší</li>
<li>model má výšku 178 cm a oblečenou velikost L</li>
</ul>
<table width="107">
<tbody>
<tr>
<td width="205">
<h1><strong>Velikosti</strong></h1>
<h1><strong>(cm)</strong><strong>:</strong></h1>
</td>
<td width="205"><img loading="lazy" class="alignnone wp-image-649" src="https://artside.cz/wp-content/uploads//2018/01/sirka_tricka.jpg" sizes="(max-width: 220px) 100vw, 220px" srcset="https://artside.cz/wp-content/uploads//2018/01/sirka_tricka.jpg 299w, https://artside.sk/wp-content/uploads/2018/01/sirka_tricka-100x100.jpg 100w" alt="" width="220" height="217" /></td>
<td width="205"><img loading="lazy" class="alignnone wp-image-650" src="https://artside.cz/wp-content/uploads//2018/01/vyska_tricka.jpg" alt="" width="220" height="208" /></td>
</tr>
<tr>
<td width="205"><strong>S</strong></p>
<hr />
</td>
<td width="205"><strong>45,5</strong></p>
<hr />
</td>
<td width="205"><strong>68.5</strong></p>
<hr />
</td>
</tr>
<tr>
<td width="205"><strong>M</strong></p>
<hr />
</td>
<td width="205"><strong>48.5</strong></p>
<hr />
</td>
<td width="205"><strong>71</strong></p>
<hr />
</td>
</tr>
<tr>
<td width="205"><strong>L</strong></p>
<hr />
</td>
<td width="205"><strong>53.5</strong></p>
<hr />
</td>
<td width="205"><strong>73.5</strong></p>
<hr />
</td>
</tr>
<tr>
<td width="205"><strong>XL</strong></p>
<hr />
</td>
<td width="205"><strong>58.5</strong></p>
<hr />
</td>
<td width="205"><strong>76</strong></p>
<hr />
</td>
</tr>
<tr>
<td width="205"><strong>XXL</strong></td>
<td width="205"><strong>63.5</strong></td>
<td width="205"><strong>77.5</strong></td>
</tr>
</tbody>
</table>

<p>Přírodní motiv „NATIVE WOLF“ (původní vlk) z kolekce NATIVE. Design upozorňuje na znečištění prostředí.</p>
<p>Autorem designu je známý grafik &#8222;Corvus Attic&#8220;.</p>
<p>Dodání do <strong>3-7</strong> pracovních dnů. Jednoduchá výměna zboží zdarma přes Zásilkovnu (Podruhé poštovné neplatíš).</p>
